ided by 43.
14
Calculate the remainder when 8395 is divided by 650.
595
What is the remainder when 281859 is divided by 38?
13
Calculate the remainder when 8168 is divided by 2618.
314
Calculate the remainder when 3031642 is divided by 33.
31
What is the remainder when 1318 is divided by 28?
2
Calculate the remainder when 2766 is divided by 1373.
20
What is the remainder when 395887 is divided by 197939?
9
What is the remainder when 6391 is divided by 225?
91
What is the remainder when 50854 is divided by 136?
126
What is the remainder when 84524 is divided by 16?
12
What is the remainder when 1134092 is divided by 106?
104
What is the remainder when 1944337 is divided by 627?
10
What is the remainder when 9690 is divided by 242?
10
Calculate the remainder when 4074 is divided by 1275.
249
Calculate the remainder when 22792 is divided by 131.
129
What is the remainder when 225 is divided by 25?
0
Calculate the remainder when 49907 is divided by 333.
290
What is the remainder when 70212 is divided by 491?
490
Calculate the remainder when 567574 is divided by 113512.
14
Calculate the remainder when 17567 is divided by 8712.
143
Calculate the remainder when 1859 is divided by 23.
19
Calculate the remainder when 211687 is divided by 1764.
7
Calculate the remainder when 18271 is divided by 116.
59
Calculate the remainder when 1888 is divided by 618.
34
Calculate the remainder when 170750 is divided by 66.
8
Calculate the remainder when 24255 is divided by 12115.
25
What is the remainder when 146 is divided by 65?
16
Calculate the remainder when 32425 is divided by 230.
225
What is the remainder when 1671 is divided by 317?
86
What is the remainder when 19457 is divided by 287?
228
Calculate the remainder when 229214 is divided by 1389.
29
Calculate the remainder when 12683 is divided by 384.
11
Calculate the remainder when 156963 is divided by 240.
3
What is the remainder when 2983 is divided by 54?
13
What is the remainder when 34449 is divided by 17218?
13
What is the remainder when 48411 is divided by 52?
51
Calculate the remainder when 117398 is divided by 130.
8
What is the remainder when 12186 is divided by 49?
34
What is the remainder when 8081 is divided by 3?
2
What is the remainder when 94100 is divided by 67?
32
Calculate the remainder when 1667 is divided by 25.
17
What is the remainder when 6395787 is divided by 439?
435
What is the remainder when 562278 is divided by 23?
20
Calculate the remainder when 3131 is divided by 1098.
935
What is the remainder when 126324 is divided by 155?
154
Calculate the remainder when 21278 is divided by 95.
93
What is the remainder when 101370 is divided by 2599?
9
Calculate the remainder when 2763 is divided by 917.
12
What is the remainder when 4411 is divided by 297?
253
What is the remainder when 65250 is divided by 225?
0
What is the remainder when 2106 is divided by 425?
406
Calculate the remainder when 73140 is divided by 5621.
67
What is the remainder when 6607 is divided by 36?
19
Calculate the remainder when 251907 is divided by 371.
369
What is the remainder when 1391 is divided by 625?
141
What is the remainder when 323024 is divided by 1110?
14
Calculate the remainder when 5652 is divided by 1367.
184
What is the remainder when 118437 is divided by 3483?
15
What is the remainder when 34132 is divided by 126?
112
What is the remainder when 91910 is divided by 45945?
20
Calculate the remainder when 23904 is divided by 4725.
279
What is the remainder when 78397 is divided by 98?
95
Calculate the remainder when 6402 is divided by 549.
363
Calculate the remainder when 3138 is divided by 639.
582
What is the remainder when 500 is divided by 352?
148
Calculate the remainder when 67304 is divided by 426.
422
What is the remainder when 206632 is divided by 112?
104
What is the remainder when 1529 is divided by 754?
21
What is the remainder when 16901 is divided by 238?
3
Calculate the remainder when 34211 is divided by 659.
602
Calculate the remainder when 98758 is divided by 24685.
18
Calculate the remainder when 150578 is divided by 169.
168
Calculate the remainder when 10430 is divided by 21.
14
What is the remainder when 58764 is divided by 5873?
34
Calculate the remainder when 4392 is divided by 4362.
30
What is the remainder when 11819 is divided by 42?
17
What is the remainder when 1497761 is divided by 748879?
3
What is the remainder when 219 is divided by 129?
90
Calculate the remainder when 1026261 is divided by 239.
234
What is the remainder when 60197 is divided by 15049?
1
What is the remainder when 305550 is divided by 187?
179
What is the remainder when 52114 is divided by 75?
64
Calculate the remainder when 11164 is divided by 405.
229
What is the remainder when 1080 is divided by 74?
44
Calculate the remainder when 11435 is divided by 21.
11
Calculate the remainder when 39799 is divided by 2842.
11
What is the remainder when 9371 is divided by 449?
391
Calculate the remainder when 329 is divided by 30.
29
Calculate the remainder when 244 is divided by 12.
4
What is the remainder when 24789 is divided by 17?
3
Calculate the remainder when 6077 is divided by 148.
9
Calculate the remainder when 4148 is divided by 591.
11
Calculate the remainder when 2145 is divided by 85.
20
What is the remainder when 20644 is divided by 440?
404
Calculate the remainder when 33360 is divided by 240.
0
Calculate the remainder when 499987 is divided by 29.
27
What is the remainder when 219725 is divided by 54?
53
What is the remainder when 19629 is divided by 61?
48
What is the remainder when 31908 is divided by 4?
0
What is the remainder when 1597 is divided by 1251?
346
Calculate the remainder when 2239 is divided by 166.
81
What is the remainder when 35714 is divided by 24?
2
What is the remainder when 3111 is divided by 344?
15
Calculate the remainder when 777413 is divided by 319.
10
Calculate the remainder when 294531 is divided by 147259.
13
What is the remainder when 36669 is divided by 6110?
9
Calculate the remainder when 2034480 is divided by 37.
35
What is the remainder when 4616 is divided by 210?
206
Calculate the remainder when 400432 is divided by 617.
616
What is the remainder when 15538 is divided by 167?
7
Calculate the remainder when 6737 is divided by 135.
122
What is the remainder when 16626 is divided by 2045?
266
What is the remainder when 4257910 is divided by 2328?
2326
What is the remainder when 6347 is divided by 791?
19
Calculate the remainder when 5769 is divided by 155.
34
Calculate the remainder when 11919 is divided by 165.
39
What is the remainder when 223631 is divided by 64?
15
What is the remainder when 3586 is divided by 3320?
266
Calculate the remainder when 1201867 is divided by 407.
403
What is the remainder when 770049 is divided by 195?
189
What is the remainder when 5603 is divided by 10?
3
What is the remainder when 12828 is divided by 41?
36
What is the remainder when 738972 is divided by 57?
24
Calculate the remainder when 19546 is divided by 21.
16
Calculate the remainder when 6474 is divided by 22.
6
What is the remainder when 59206 is divided by 29395?
416
Calculate the remainder when 2444 is divided by 806.
26
What is the remainder when 2946059 is divided by 73?
71
Calculate the remainder when 24799 is divided by 1305.
4
What is the remainder when 20017 is divided by 3324?
73
Calculate the remainder when 347873 is divided by 74.
73
What is the remainder when 884 is divided by 143?
26
What is the remainder when 66634 is divided by 6057?
7
What is the remainder when 5346 is divided by 46?
10
Calculate the remainder when 156623 is divided by 342.
329
Calculate the remainder when 28054 is divided by 325.
104
What is the remainder when 50687 is divided by 174?
53
Calculate the remainder when 67384 is divided by 64.
56
What is the remainder when 28070 is divided by 2208?
1574
What is the remainder when 871018 is divided by 538?
534
Calculate the remainder when 70607 is divided by 139.
134
What is the remainder when 165319 is divided by 9?
7
Calculate the remainder when 44993 is divided by 138.
5
Calculate the remainder when 13236 is divided by 282.
264
Calculate the remainder when 1182 is divided by 17.
9
Calculate the remainder when 15921 is divided by 17